What is the units digit of x(-23)?
6
Let z(j) = -33*j + 4*j - 88*j - 98. What is the tens digit of z(-4)?
7
Let r(z) = 8 + 0*z**2 + z**2 + z**2 - z**2 + 4*z. Let v be r(-4). Suppose -2*b + 680 = v*b. What is the tens digit of b?
6
Let r(t) = -2*t**3 + 13*t**2 - 20*t + 16. Let m be r(8). What is the tens digit of (1 + 0)/(-1*7/m)?
4
Suppose 5*u - 381 = 10*z - 7*z, -5*u + 2*z = -379. Let c = 405 - 267. Let k = c - u. What is the tens digit of k?
6
Suppose -197642 + 122272 - 434070 = -64*z. What is the units digit of z?
0
Let i = 47766 + 10593. What is the thousands digit of i?
8
Suppose -4*m - 123084 = -6*o + 4*o, m + 184646 = 3*o. What is the tens digit of o?
5
Let d = -27532 - -44640. What is the thousands digit of d?
7
Let n = 256 + -266. Let x(r) = -67*r - 40. What is the units digit of x(n)?
0
Suppose -9 = -4*k + p, -2*p + 3 = 3*k - 12. Let y be k + 1 + -4 + 3 - 0. Let l(w) = 2*w**3 - 2*w - 4. What is the tens digit of l(y)?
4
Let f(t) = 35*t + 1. Let s be f(1). Let v be (-24)/(-28)*75 + 6/(-21). Suppose -s*x = -32*x - v. What is the tens digit of x?
1
Let z(n) = -2*n**3 + 7*n**2 - 16*n - 10. Let l be z(6). Let q = -43 - l. What is the hundreds digit of q?
2
Suppose k = 7, -4*q = -0*q + 4*k - 4948. What is the hundreds digit of q?
2
Suppose 3*l = 2*m + 139, -184 = 6*l - 10*l + 4*m. Suppose 64*y = l*y + 17340. What is the tens digit of y?
2
Let u be (-2 - 13)*507/(-195). What is the tens digit of 338/u*(5 + 157)?
0
Let h(d) = 71*d + 72*d - 31*d - 154. What is the thousands digit of h(11)?
1
Let r be ((-6544)/40 - -6)/(6/(-555)). Suppose -r = -12*p + 5558. What is the tens digit of p?
7
What is the hundreds digit of (6 + (-3224)/130)/(1/(-560))?
5
Let a(k) be the third derivative of 101*k**4/24 + k**3/2 + 83*k**2. What is the hundreds digit of a(6)?
6
Let y = -160 - 608. What is the hundreds digit of (y/18)/(1/(-9))?
3
Let k be (20 - 22)*33/(-6). Suppose -k*b = -0*b - 12848. What is the hundreds digit of b?
1
Let h be (-1)/((-50)/15 + 3). Suppose h*y = 4*f + 149, -2*y = -5*y + 5*f + 154. Suppose y = c - 20. What is the units digit of c?
3
Let v(g) = 1684*g - 3640. What is the tens digit of v(11)?
8
Suppose 1775 = 7*r - 213. Suppose 2*h = -a + r, -h + a = -3*a - 124. What is the units digit of h?
0
Suppose 34*x = -8 + 42. Let r(z) = 1181*z**2 - 5*z + 2. What is the thousands digit of r(x)?
1
Suppose -2*m = -4*f - 162, -2*f = m - 0*f - 77. Let t = 628 - m. What is the hundreds digit of t?
5
Let a be 49/4 - 6/(-8) - 0. Let m be (1*-1)/(a - 12)*-5. Suppose -7 - 612 = -2*v - m*o, -4*o = -20. What is the tens digit of v?
9
Let v(f) = 6*f + 49. Let y(s) = -23*s**2 + 5*s - 2. Let i be y(1). Let z be v(i). Let n = z - -207. What is the tens digit of n?
3
Suppose -287477 = -2*v - 9*v + 492401. What is the thousands digit of v?
0
Suppose 872158 = 253*j - 811051. What is the tens digit of j?
5
Let v(i) = 24*i**2 - 49*i + 653. What is the units digit of v(34)?
1
Suppose -18*m + 0*m + 108 = 0. Suppose 0 = -10*o + m*o + 1468. What is the hundreds digit of o?
3
Suppose 9 = 3*p, 3*x - 4*p - 60 = -3*p. Let j = x + -25. Let y(z) = -z**3 - 4*z**2 - 5*z - 2. What is the units digit of y(j)?
8
Suppose -3*z - 4 = p - 23, 4*z - 5*p = 57. Let c(w) = w**3 - 21*w - 11. Let n be c(-4). Suppose -z*v = -n*v + 72. What is the tens digit of v?
7
Let w(y) = 5*y + 2. Let o(c) = -c + 1. Let q(v) = -6*o(v) - w(v). Let p be q(12). Suppose -p*i + 318 = -z, -4*z + 229 = i + 2*i. What is the units digit of i?
9
Suppose -81*b - 282170 + 362694 + 601334 = 0. What is the thousands digit of b?
8
Suppose z - 287 = -2*a, 21*a - 3*z + 573 = 25*a. Let s be 32 + -1 - 0 - 0. Let k = a - s. What is the tens digit of k?
1
Let k = -27974 - -43282. What is the hundreds digit of k?
3
Let c(k) = -k**2 - 50*k + 11958. What is the thousands digit of c(0)?
1
Suppose -18 = -6*g + 12. Suppose 31 + 80 = 4*f - h, -89 = -3*f - g*h. What is the units digit of 28/(-42) - f/(-6)?
4
Suppose 97 + 215 = 13*w. Let t be w/15*(-2 + -8)*-34. Suppose -4*u + 1076 = 3*z + z, -2*u - 4*z = -t. What is the tens digit of u?
6
Let a(x) = 2*x**3 - 13*x**2 + 2*x + 10. Let o = -101 + 111. What is the tens digit of a(o)?
3
Suppose f - j - 54855 = 0, 9*j = -5*f + 4*j + 274215. What is the thousands digit of f?
4
Let b = -29 + -13. Let y = b - -43. What is the units digit of (4/(24/174))/(y/2)?
8
Suppose 0 = q + 2*d - 2071, -d - 6241 = -3*q - 0*q. Suppose q = 22*u - 19*u. What is the units digit of u?
3
Let w(x) = x**3 - 19*x**2 - 8*x + 27. Let y(s) = 10*s - 89. Let q be y(11). What is the hundreds digit of w(q)?
7
Let m(f) = 2*f**2 - 18*f + 47. What is the hundreds digit of m(-46)?
1
Let i = -4365 + 5473. What is the units digit of i?
8
Let t(a) = 233*a - 1679. What is the ten thousands digit of t(75)?
1
Suppose 4*c = 5*o + 44, 4*c + 4*o + 2 - 10 = 0. Let m = 136 - c. What is the units digit of m?
0
Let i be 2 - 1/3 - (-2)/(-3). Let r be (8 - 5) + (2 - 4 - i). Suppose -6*d + d + 110 = r. What is the tens digit of d?
2
Let y = 35905 + -6889. What is the ten thousands digit of y?
2
Let y(h) = -h**3 - 42*h**2 - 17*h - 12. Let z be (85/10 - -2)*-4. What is the units digit of y(z)?
2
Let z be 26*(-22)/4 + 2. Let l = z - -260. What is the units digit of l?
9
Let r(h) = -119*h + 103. Let b be r(-18). Let m = b + -998. What is the units digit of m?
7
Let f(w) = 10*w**3 - 2*w**2 + 51*w - 82. What is the thousands digit of f(14)?
7
Let j = -3279 + 4748. Let b = -1016 + j. What is the tens digit of b?
5
Suppose -3*m = 14*p - 13*p - 16985, -3*p - 12 = 0. What is the thousands digit of m?
5
Let v(d) = -d**2 + 6*d + 16. Let i be v(7). Suppose 5*z + 33 + i = x, 0 = 4*x - z - 149. Let l = 43 + x. What is the tens digit of l?
8
Suppose -5 = 2*j - 65. Suppose 29*q - j = 27*q. Suppose -5*n = -q, 2*g - n = 112 + 263. What is the hundreds digit of g?
1
Let r be 36498/21 - 12/2. Suppose -5*j + 349 = 2*i - r, i = -2. What is the hundreds digit of j?
4
Suppose -601*j - 57*j = -36524922. What is the units digit of j?
9
Let d = 6219 - -33967. What is the ten thousands digit of d?
4
Let n = 786 + -476. Let g = n + 2. What is the hundreds digit of g?
3
Let p = 13658 + 19946. What is the tens digit of p?
0
Let j = -90 - -94. Suppose 45 = j*a + 25. Suppose 1 = -0*r - r, y - a*r - 40 = 0. What is the units digit of y?
5
Let t(v) = 390*v**3 - 10*v**2 + 4*v + 64. What is the ten thousands digit of t(5)?
4
Suppose 0 = 5*k + 3*c + 2*c - 2900, 0 = 3*k + 5*c - 1742. Suppose 4*y + 27 = k. What is the units digit of y?
8
Suppose 0 = -3*c + 3*v + 183651, c + 2*v = 22910 + 38304. What is the units digit of c?
6
Suppose -42 = -5*r - 0*n - 4*n, 3*r - 33 = -5*n. Suppose r*o + o = 665. Let z = o - 67. What is the units digit of z?
8
Suppose -138 = -3*a - x, -3*x - 138 = -3*a - 0*x. Suppose 59953 = a*j - 22939. What is the tens digit of j?
0
Let j = 72 - 68. Suppose -4*f + 2386 = 2*r, -3*r + j*f + 3589 = -0*f. What is the tens digit of r?
9
Let d(y) = -y**3 - 12*y**2 + 19*y - 4. Let u be 1 - 33/9 - 2/6. Let p be (-2)/8 + (u - (-172)/(-16)). What is the tens digit of d(p)?
2
What is the hundreds digit of (-7 + -45819)/11*4/(-8)?
0
Let y = 1894 - 1100. Let u = -579 + y. What is the tens digit of u?
1
Let v = 8075 + 949. Suppose -2654 = 10*l - v. What is the hundreds digit of l?
6
Suppose 11 = o - 4*l, 0 = 5*o + 6*l - l + 45. Let n(g) = -g**2 - 6*g + 4. Let m be n(o). Suppose 0 = m*c - 0*c - 2214. What is the hundreds digit of c?
2
Suppose 5*z - 5*c + 150 = 0, 72 = -2*z - 5*c + c. Let l(w) = -2*w**2 - 25*w + 42. Let r be l(-12). Let b = r + z. What is the tens digit of b?
2
Let c = 73 + -71. Suppose -2*l + 589 = 2*s - 13, 3*s = c*l - 582. What is the hundreds digit of l?
2
Let t = 34627 + 769. What is the hundreds digit of t?
3
Let v = -3460 + 5045. Suppose -928 = -3*d - w + 27, 5*d - v = -5*w. What is the units digit of d?
9
Let r(z) = -2*z**2 + 60*z + 40. Let j be r(30). What is the hundreds digit of 11580/42 - (j/(-35))/4?
2
Suppose 28*r = 5*w + 33*r - 7155, 3*r = w - 1431. What is the tens digit of w?
3
Suppose -3*b - 4*a - 102 = 0, -a = -6*a. Let u = b + 35. Let i(n) = 29*n - 3. What is the units digit of i(u)?
6
Let x be 4 + (-10 - -1) - -34. What is the hundreds digit of x + 247 + (-1 - 0)/1?
2
Suppose 242563 = -107*n + 111*n + 3*w, 0 = 2*n - 3*w - 121295. What is